Let k(b) = o(b) - 5*z(b). What is k(l)?
-2
Let w(m) = m**3 - m**2 - 5*m + 2. Let z(r) = -2*r**2 + 36*r - 5. Let l be z(18). Let d(k) = -k**2 - 10*k - 22. Let a be d(l). Calculate w(a).
5
Let q(c) = c**3 + c - 4. Let j be q(5). Let y = 129 - j. Let n(w) = -198 + 198 - y*w. What is n(-1)?
3
Let m(j) = 4*j + 2. Let t = -167 + 183. Suppose -10*r + 6 = t. Calculate m(r).
-2
Let y be (11 - -2)/(29/(899/(-31))). Let r(x) = -x**2 - 16*x + 23. Give r(y).
62
Let a = -23870 + 23877. Let b(g) be the third derivative of g**5/60 - 3*g**4/8 + 5*g**3/3 + g**2. Give b(a).
-4
Let m(n) = -108*n - 9956 + 9970 + 88*n. What is m(1)?
-6
Let r(y) be the second derivative of y**4/12 - 11*y**3/6 + y**2 + 10*y. What is r(5)?
-28
Let z(b) = -5*b**2 - 24*b - 16. Let u(s) = -6*s**2 - 25*s - 17. Let m(t) = -3*u(t) + 4*z(t). What is m(-10)?
-3
Let d be (8/(-10))/((-4)/20). Let o be 6/(-3) - (d + -1). Let v(j) = 2 + 9*j - 2*j - 2*j**2 + 16*j**2 + j**3 - 8*j**2. Calculate v(o).
-8
Let g(o) = 2*o**2 - o - 2. Let z be g(3). Let j(i) = 4*i - z*i + 4 + 8*i. Let q(l) = 1. Let c(h) = 5*j(h) - 15*q(h). Determine c(4).
-15
Let y be (-1)/(-3)*0 - 4 - -15. Let b(l) = l**3 - 10*l**2 - 11*l + 1. Let c be b(y). Let j(n) = -2*n**2 + n. What is j(c)?
-1
Let s = -33 - -41. Suppose -2*i + m - 4 + 2 = 0, -s = -i - 4*m. Let v(d) = -3*d - 13. Let r(b) = 16*b + 66. Let n(c) = -2*r(c) - 11*v(c). Calculate n(i).
11
Let r(y) be the second derivative of y**3/3 - 9*y**2 + 2*y. Let l(p) = -3*p**3 - 196*p**2 - 254*p + 138. Let t be l(-64). Give r(t).
2
Let u(y) = -10*y - 1. Let x be 1*10 - (8 - 6). Suppose 30 = g + 5*r, 5*g + 2*r + 40 = 144. Let d be (-18)/x - (75/g + -4). Calculate u(d).
19
Let d(o) = -56*o + 3698. Let v be d(66). Let i(m) = -m**3 + m**2 + m + 1. Let t be i(-1). Let l(q) = 1 - 3 + 0*q + 1 - q**t + q. Give l(v).
-3
Let b(d) = 60*d - 36*d - 19*d. Let a(x) = 3*x - 1. Let w(g) = 6*a(g) - 4*b(g). What is w(-10)?
14
Let c(i) = -i**2 + i - 5. Let r = -262 - -264. Let f(m) = -m**2 + 6*m - 12. Let n(u) = r*c(u) - f(u). Determine n(-4).
2
Let u be 0 - (-2)/36 - 13805/(-990). Let i(m) = -6*m + 75. Calculate i(u).
-9
Suppose 0 = -31*x - 27*x - 8*x + 1716. Let d(z) = z**3 - 28*z**2 + 51*z + 17. What is d(x)?
-9
Suppose 2*h - 3*b = 333, 20*b + 816 = 5*h + 18*b. Let k(n) = -2*n**2 + 7*n + n**2 + 155 + h - 306. Determine k(9).
-7
Let n be ((-16)/6)/(2/(-3)). Let z(a) = a + n*a + 0*a + 8 - 3. Suppose 664*l + 100 = 689*l. Calculate z(l).
25
Let f(n) = 3*n**2 - 46*n + 14. Let l(y) = -6*y**2 + 92*y - 28. Let t(q) = 13*f(q) + 6*l(q). Determine t(15).
-1
Let v(l) = -2*l**2 + 4*l + 20. Let i = 6944 - 6938. Calculate v(i).
-28
Let p(f) = f**3 + 33*f**2 + f + 25. Let a(y) = -2*y**3 - 17*y**2 + 57*y + 399. Let r be a(-9). What is p(r)?
-8
Let l(t) = 2*t + 1. Let f be (60/(-5) - 3)/(-1). Suppose -1 + 46 = -f*n. Calculate l(n).
-5
Let j(v) = -36 - 52 + 117 - 23 - 48 - 3*v. Calculate j(-15).
3
Let s(d) = 33*d - 197*d + d**3 + 55*d + 67*d - 21*d**2 - 80. What is s(23)?
12
Let g(w) = -3*w**3 - 22*w**2 - 26*w - 37. Let f(x) = -4*x**3 - 24*x**2 - 32*x - 38. Let p(h) = -4*f(h) + 5*g(h). Calculate p(14).
-61
Let r = -14075 + 14080. Let h(b) = b**3 - 5*b**2 + 13*b - 9. Give h(r).
56
Let q(n) = -n - 20 - 2*n**2 + 20. Let k(d) = -14*d**2 - 9*d + 3. Let i(r) = -k(r) + 6*q(r). Calculate i(2).
11
Let b(i) = i - 36. Suppose 0*q + 9*q - 44795 + 44588 = 0. Calculate b(q).
-13
Suppose -322*g + 1173 = 2139. Let o(z) be the first derivative of -z**3/3 + 4*z - 1. Calculate o(g).
-5
Suppose 5*i + 22 = 2*q, -5*i - 4*q = -5*q + 21. Let l(r) = 48 + r**2 - 16 + 5*r - 20 - 16 - 3*r. Determine l(i).
4
Let p(k) be the second derivative of 2/3*k**3 - 1/12*k**4 - 2 + 3/2*k**2 - 2*k. Suppose 0 = x + 5*j + 11 + 10, -j - 1 = x. Give p(x).
3
Let q(t) be the third derivative of 0 + 1/60*t**5 - 10*t**2 - 1/2*t**3 + 1/8*t**4 - 1/60*t**6 + 0*t. Suppose 8 - 4 = 2*u. Determine q(u).
-9
Let s(o) = -o**3 - 9*o**2 - 6*o - 1. Let a(u) = -u**2 - 11*u + 1295. Let x be a(31). Calculate s(x).
-57
Let y be 1 + 9 - (-62 - (-83 - -7)). Let r(o) = 6*o + 1. Let c(m) = -7*m - 1. Let f(w) = 5*c(w) + 6*r(w). Determine f(y).
-3
Let l(p) = -2*p**2 - 26*p + 13. Suppose -3*n = t + 26, 0 = -t + 5*t + 2*n + 64. Give l(t).
-15
Let u be 77/(-11)*88/28. Let k(y) = 2*y + 42. Calculate k(u).
-2
Let q(y) = 13*y + 39. Let u(r) = -20*r - 60. Let z(m) = -10*m - 31. Let p(c) = -3*u(c) + 7*z(c). Let t(f) = 4*p(f) + 3*q(f). Give t(0).
-31
Let a(j) = -5 + 16*j + 17*j + 16*j + 23*j - 70*j. Suppose 0 = -16*x + 10*x. What is a(x)?
-5
Let j(w) be the third derivative of w**4/24 + 5*w**3/6 + 89*w**2 - 15. Let f(n) = -8*n + 3. Let p be f(2). Determine j(p).
-8
Let p(r) be the first derivative of 3*r**4/4 - 2*r**3/3 + r**2/2 + r - 3754. Suppose -q = -0 + 2. What is p(q)?
-33
Let j be 6/10 + (172/(-10))/2. Let x be (-142)/(-9) + 3 - j/36. Let s = 27 - x. Let i(q) = -q**3 + 9*q**2 - 10*q + 12. What is i(s)?
-4
Let g(a) = -a**2 + 17*a - 55. Let w be g(12). Suppose 14*s - 65 - w = 0. Let q(j) = -j**3 + 4*j**2 + 4*j + 1. What is q(s)?
-4
Let c(s) = -s**2 - 5*s - 2. Let w = -156 - -23. Let a = w - -130. Give c(a).
4
Let t be 2/((-10)/(-14) - 1). Let d(a) = -23*a**3 - 21*a**2 + 20*a - 48. Let v(r) = -33*r**3 - 31*r**2 + 28*r - 70. Let k(y) = 10*d(y) - 7*v(y). Calculate k(t).
-18
Let x(i) = -i**3 + 8*i**2 - 3*i - 9. Let z(b) = 2*b**3 - 9*b**2 + 5*b + 10. Let h(f) = -3*x(f) - 2*z(f). Let d = -166 + 160. Give h(d).
13
Let g be 153/(-21) - 2/(-7). Let v(u) = -6 - 1103*u**3 - 1122*u**3 + 2226*u**3 + 2*u**2 + 5*u**2 - 3*u. Give v(g).
15
Let n(m) = -106*m - 24. Let v(a) = 14*a + 1. Let r(u) = n(u) + 8*v(u). Calculate r(5).
14
Let o(g) be the second derivative of g**5/20 + g**4/2 + 5*g**3/3 + 53*g**2/2 - 576*g + 3. Determine o(-6).
-7
Suppose 17 = -3*h - 4. Let c be (1 - -1) + h + 8. Let r(j) = -5 - j + c*j + 4 - 4*j. What is r(4)?
-9
Let p(h) = -21*h + 1. Let f = -47 - 348. Let i = f + 396. What is p(i)?
-20
Let d(c) = -30*c + 33. Let i(y) = 34*y - 42. Let n(k) = -5*d(k) - 4*i(k). Let v be (2 - 5)/(3/2). Determine n(v).
-25
Let f(y) = -7*y**2 + 2*y - 1. Let s(w) = -22*w**2 + 7*w - 4. Let t(a) = -7*f(a) + 2*s(a). Let i be t(1). Let p(g) = -g + 1. What is p(i)?
-3
Let m = 11 - 15. Let w(n) = -25*n - 28*n + 7 + 52*n - 8 + 4. Give w(m).
7
Suppose 3*p - 32 = -2*t, 0 = -p - 2*t + 13744 - 13724. Let d(b) = 2 - 4*b + 5 + 1. Give d(p).
-16
Suppose 2*f + 36 + 72 = 0. Let g be (f/24)/((-2)/8). Let x(n) = -n**3 + 8*n**2 + 10*n + 4. Give x(g).
13
Let x(j) = -1 - 28*j**3 - 4*j + 3*j - 30*j**3 + j**2 - 29*j**3 + 81*j**3. Calculate x(-1).
7
Let b(w) = 16*w**2 + 33*w + 37. Let v(g) = -13*g**2 - 32*g - 31. Let s(h) = -3*b(h) - 4*v(h). Calculate s(-7).
6
Let w = -707 + 709. Let z(x) = -x**w + 295 + 0*x**2 - 290 + 3*x**2. Determine z(0).
5
Suppose -55*n - 74*n = -387. Let i(r) = -4*r**2 + 2*r + 3. Calculate i(n).
-27
Let b(l) = -7*l**3 + l**2 - 2*l + 1. Let f(n) = n**3 + 3*n**2 - 29*n - 10. Let h be f(-7). Let d be (-1*h/(-18))/(30/(-180)). Give b(d).
-7
Let w(f) = 22*f - 308. Suppose 1300 = 7*q + 1202. Calculate w(q).
0
Let b(r) = -4*r - 18. Let d(y) = -y**2 + 201*y - 2273. Let w be d(12). Determine b(w).
2
Let q(u) = -13*u - 17. Let h(d) = -8*d. Let j(o) = 2*h(o) - q(o). What is j(14)?
-25
Let d(n) be the third derivative of -153*n**2 - 1/120*n**6 + 0*n + 1/15*n**5 + 0 + 1/12*n**4 - 7/6*n**3. What is d(5)?
-22
Let q(s) = s**2 + 13*s - 19. Let h = 678 - 676. Let l(w) = 6*w**2 + 66*w - 96. Let c(f) = h*l(f) - 11*q(f). Calculate c(10).
7
Let l(j) = 3*j - 2. Let u = 403 - 947. Let y = u - -550. Calculate l(y).
16
Let d = 5691 - 5694. Let s(f) be the third derivative of 0 + 0*f - 4*f**2 - 2/3*f**3 - 1/4*f**4. Determine s(d).
14
Let p(u) = 3*u - 1. Let i be (2 - 0/1) + 0 + 0. Let b be p(i). Let o(x) = 2*x - 5*x - 3*x - b + 7*x. What is o(-6)?
-11
Let y(s) = -3*s**3 - 6*s**2 + 8*s + 17. Let t(x) = 2*x**3 + 5*x**2 - 6*x - 12. Let z(k) = 7*t(k) + 5*y(k). Determine z(3).
13
Let u(s) = 6*s - 2. Let h = 364 - 359. Suppose -4*y + 5*v + 6 = 7*v, 0 = 3*y - h*v - 11. Determine u(y).
10
Let i = 20614 - 20571. Let r(z) = 3*z**2 - 127*z - 85. Give r(i).
1
Let p = 2 - 1. Let j(d) = 19*d**2 + 23*d - 7. Let y(x) = 8*x**2 + 10*x - 3. Let v(n) = -3*j(n) + 7*y(n). Give v(p).
0
Let i(w) = -w**2 - 119*w + 2938. Let n be i(21). Let b(a) be the firs